{"id":1293,"date":"2023-09-29T17:37:56","date_gmt":"2023-09-29T15:37:56","guid":{"rendered":"https:\/\/www.sparkngo.fr\/?page_id=1293"},"modified":"2025-06-13T08:14:17","modified_gmt":"2025-06-13T06:14:17","slug":"les-references","status":"publish","type":"page","link":"https:\/\/www.sparkngo.fr\/index.php\/les-references\/","title":{"rendered":"Les r\u00e9f\u00e9rences"},"content":{"rendered":"\n<p><\/p>\n\n\n\n<div class=\"wp-block-columns is-layout-flex wp-container-core-columns-is-layout-9d6595d7 wp-block-columns-is-layout-flex\">\n<div class=\"wp-block-column is-layout-flow wp-block-column-is-layout-flow\">\n<div class=\"wp-block-columns is-layout-flex wp-container-core-columns-is-layout-9d6595d7 wp-block-columns-is-layout-flex\">\n<div class=\"wp-block-column is-layout-flow wp-block-column-is-layout-flow\">\n<p style=\"font-size:30px\"><strong>Retour d\u2019exp\u00e9rience :<\/strong><br><strong>cr\u00e9ation d\u2019une DSI dans le monde audiovisuel<\/strong><\/p>\n\n\n\n<p>Le march\u00e9 de l\u2019audiovisuel fran\u00e7ais est historiquement compos\u00e9 d\u2019une myriade d\u2019ind\u00e9pendants et de micro-soci\u00e9t\u00e9s. L\u2019autonomie est culturellement ancr\u00e9e.<br><br>En 2020, les p\u00e9riodes de confinement ont favoris\u00e9 l\u2019accroissement de la demande de nouveaux contenus. Cela a \u00e9t\u00e9 l\u2019opportunit\u00e9 d\u2019une recomposition du march\u00e9 par fusion \/ acquisition, pour une soci\u00e9t\u00e9 fran\u00e7aise d\u2019audiovisuel.<br><br>Ses investisseurs, dans le cadre des due diligences, ont proc\u00e9d\u00e9 \u00e0 des audits faisant appara\u00eetre des am\u00e9liorations attendues et plus pr\u00e9cis\u00e9ment sur les aspects cybers\u00e9curit\u00e9 et pilotage du syst\u00e8me d\u2019informations.<br><br>Dans ce contexte mi-2021, la mission de cr\u00e9ation d\u2019une DSI a d\u00e9but\u00e9.<\/p>\n<\/div>\n\n\n\n<div class=\"wp-block-column is-layout-flow wp-block-column-is-layout-flow\">\n<figure class=\"wp-block-image size-large\"><img loading=\"lazy\" decoding=\"async\" width=\"1024\" height=\"1024\" src=\"https:\/\/www.sparkngo.fr\/wp-content\/uploads\/2023\/09\/pexels-cottonbro-studio-4009409-1024x1024.jpg\" alt=\"\" class=\"wp-image-1235\" srcset=\"https:\/\/www.sparkngo.fr\/wp-content\/uploads\/2023\/09\/pexels-cottonbro-studio-4009409-1024x1024.jpg 1024w, https:\/\/www.sparkngo.fr\/wp-content\/uploads\/2023\/09\/pexels-cottonbro-studio-4009409-300x300.jpg 300w, https:\/\/www.sparkngo.fr\/wp-content\/uploads\/2023\/09\/pexels-cottonbro-studio-4009409-150x150.jpg 150w, https:\/\/www.sparkngo.fr\/wp-content\/uploads\/2023\/09\/pexels-cottonbro-studio-4009409-768x768.jpg 768w, https:\/\/www.sparkngo.fr\/wp-content\/uploads\/2023\/09\/pexels-cottonbro-studio-4009409-1536x1536.jpg 1536w, https:\/\/www.sparkngo.fr\/wp-content\/uploads\/2023\/09\/pexels-cottonbro-studio-4009409-2048x2048.jpg 2048w\" sizes=\"auto, (max-width: 1024px) 100vw, 1024px\" \/><\/figure>\n<\/div>\n<\/div>\n<\/div>\n<\/div>\n\n\n\n<p>Au d\u00e9marrage, la premi\u00e8re \u00e9tape a consist\u00e9 \u00e0 identifier les diff\u00e9rents acteurs au si\u00e8ge et dans les diff\u00e9rentes filiales, charg\u00e9s souvent malgr\u00e9 eux de palier \u00e0 l\u2019absence de pilotage du syst\u00e8me d\u2019informations : commande de mat\u00e9riels, support informatique, infog\u00e9rance \u2026<\/p>\n\n\n\n<p>Dans une soci\u00e9t\u00e9 en hyper croissance, aucun r\u00e9pit, apr\u00e8s quelques jours d\u2019intervention, il a fallu pr\u00e9parer de nouveaux locaux pour accueillir les collaborateurs fra\u00eechement recrut\u00e9s. Le r\u00e9seau informatique WAN\/LAN a \u00e9t\u00e9 \u00e9tudi\u00e9 en express pour pouvoir proposer et mettre en place la meilleure solution, en moins de 15 jours, travaux compris.<\/p>\n\n\n\n<p>Apr\u00e8s quelques semaines et des dizaines de personnes rencontr\u00e9es, une premi\u00e8re strat\u00e9gie a \u00e9t\u00e9 \u00e9tablie et partag\u00e9e avec les dirigeants : la cr\u00e9ation de la DSI \u00e9tait en marche.<\/p>\n\n\n\n<p>Les premi\u00e8res communications effectu\u00e9es ont permis d\u2019expliquer l\u2019int\u00e9r\u00eat de mettre en place une nouvelle direction d\u00e9di\u00e9e aux syst\u00e8mes d\u2019information, en d\u00e9passant la fronti\u00e8re, dans l\u2019imaginaire commun, du poste de travail informatique.<\/p>\n\n\n\n<p>Pour asseoir la l\u00e9gitimit\u00e9, une premi\u00e8re sensibilisation a \u00e9t\u00e9 r\u00e9alis\u00e9e concernant les enjeux de cybers\u00e9curit\u00e9.<\/p>\n\n\n\n<p>En parall\u00e8le, l\u2019infog\u00e9rant disposant d\u2019un interlocuteur adapt\u00e9, s\u2019est impliqu\u00e9 pour faire positivement \u00e9voluer la qualit\u00e9 et le contenu de ses prestations.<\/p>\n\n\n\n<p>La mission s\u2019est termin\u00e9e, en passant le relai en interne, avec un dernier livrable r\u00e9alis\u00e9 : la feuille de route DSI 2023-2024.<\/p>\n","protected":false},"excerpt":{"rendered":"<p>Retour d\u2019exp\u00e9rience :cr\u00e9ation d\u2019une DSI dans le monde audiovisuel Le march\u00e9 de l\u2019audiovisuel fran\u00e7ais est historiquement compos\u00e9 d\u2019une myriade d\u2019ind\u00e9pendants et de micro-soci\u00e9t\u00e9s. L\u2019autonomie est culturellement ancr\u00e9e. En 2020, les p\u00e9riodes de confinement ont favoris\u00e9 l\u2019accroissement de la demande de nouveaux contenus. Cela a \u00e9t\u00e9 l\u2019opportunit\u00e9 d\u2019une recomposition du march\u00e9 par fusion \/ acquisition, pour&hellip;&nbsp;<a href=\"https:\/\/www.sparkngo.fr\/index.php\/les-references\/\" class=\"\" rel=\"bookmark\">Lire la suite &raquo;<span class=\"screen-reader-text\">Les r\u00e9f\u00e9rences<\/span><\/a><\/p>\n","protected":false},"author":1,"featured_media":0,"parent":0,"menu_order":0,"comment_status":"closed","ping_status":"closed","template":"","meta":{"neve_meta_sidebar":"","neve_meta_container":"","neve_meta_enable_content_width":"","neve_meta_content_width":0,"neve_meta_title_alignment":"","neve_meta_author_avatar":"","neve_post_elements_order":"","neve_meta_disable_header":"","neve_meta_disable_footer":"","neve_meta_disable_title":"","footnotes":""},"class_list":["post-1293","page","type-page","status-publish","hentry"],"yoast_head":"<!-- This site is optimized with the Yoast SEO plugin v26.0 - https:\/\/yoast.com\/wordpress\/plugins\/seo\/ -->\n<title>Les r\u00e9f\u00e9rences - spark&amp;go<\/title>\n<meta name=\"robots\" content=\"index, follow, max-snippet:-1, max-image-preview:large, max-video-preview:-1\" \/>\n<link rel=\"canonical\" href=\"https:\/\/www.sparkngo.fr\/index.php\/les-references\/\" \/>\n<meta property=\"og:locale\" content=\"fr_FR\" \/>\n<meta property=\"og:type\" content=\"article\" \/>\n<meta property=\"og:title\" content=\"Les r\u00e9f\u00e9rences - spark&amp;go\" \/>\n<meta property=\"og:description\" content=\"Retour d\u2019exp\u00e9rience :cr\u00e9ation d\u2019une DSI dans le monde audiovisuel Le march\u00e9 de l\u2019audiovisuel fran\u00e7ais est historiquement compos\u00e9 d\u2019une myriade d\u2019ind\u00e9pendants et de micro-soci\u00e9t\u00e9s. L\u2019autonomie est culturellement ancr\u00e9e. En 2020, les p\u00e9riodes de confinement ont favoris\u00e9 l\u2019accroissement de la demande de nouveaux contenus. Cela a \u00e9t\u00e9 l\u2019opportunit\u00e9 d\u2019une recomposition du march\u00e9 par fusion \/ acquisition, pour&hellip;&nbsp;Lire la suite &raquo;Les r\u00e9f\u00e9rences\" \/>\n<meta property=\"og:url\" content=\"https:\/\/www.sparkngo.fr\/index.php\/les-references\/\" \/>\n<meta property=\"og:site_name\" content=\"spark&amp;go\" \/>\n<meta property=\"article:modified_time\" content=\"2025-06-13T06:14:17+00:00\" \/>\n<meta property=\"og:image\" content=\"https:\/\/www.sparkngo.fr\/wp-content\/uploads\/2023\/09\/pexels-cottonbro-studio-4009409-scaled.jpg\" \/>\n\t<meta property=\"og:image:width\" content=\"2560\" \/>\n\t<meta property=\"og:image:height\" content=\"2560\" \/>\n\t<meta property=\"og:image:type\" content=\"image\/jpeg\" \/>\n<meta name=\"twitter:card\" content=\"summary_large_image\" \/>\n<meta name=\"twitter:label1\" content=\"Dur\u00e9e de lecture estim\u00e9e\" \/>\n\t<meta name=\"twitter:data1\" content=\"2 minutes\" \/>\n<script type=\"application\/ld+json\" class=\"yoast-schema-graph\">{\"@context\":\"https:\/\/schema.org\",\"@graph\":[{\"@type\":\"WebPage\",\"@id\":\"https:\/\/www.sparkngo.fr\/index.php\/les-references\/\",\"url\":\"https:\/\/www.sparkngo.fr\/index.php\/les-references\/\",\"name\":\"Les r\u00e9f\u00e9rences - spark&amp;go\",\"isPartOf\":{\"@id\":\"https:\/\/www.sparkngo.fr\/#website\"},\"primaryImageOfPage\":{\"@id\":\"https:\/\/www.sparkngo.fr\/index.php\/les-references\/#primaryimage\"},\"image\":{\"@id\":\"https:\/\/www.sparkngo.fr\/index.php\/les-references\/#primaryimage\"},\"thumbnailUrl\":\"https:\/\/www.sparkngo.fr\/wp-content\/uploads\/2023\/09\/pexels-cottonbro-studio-4009409-1024x1024.jpg\",\"datePublished\":\"2023-09-29T15:37:56+00:00\",\"dateModified\":\"2025-06-13T06:14:17+00:00\",\"breadcrumb\":{\"@id\":\"https:\/\/www.sparkngo.fr\/index.php\/les-references\/#breadcrumb\"},\"inLanguage\":\"fr-FR\",\"potentialAction\":[{\"@type\":\"ReadAction\",\"target\":[\"https:\/\/www.sparkngo.fr\/index.php\/les-references\/\"]}]},{\"@type\":\"ImageObject\",\"inLanguage\":\"fr-FR\",\"@id\":\"https:\/\/www.sparkngo.fr\/index.php\/les-references\/#primaryimage\",\"url\":\"https:\/\/www.sparkngo.fr\/wp-content\/uploads\/2023\/09\/pexels-cottonbro-studio-4009409-scaled.jpg\",\"contentUrl\":\"https:\/\/www.sparkngo.fr\/wp-content\/uploads\/2023\/09\/pexels-cottonbro-studio-4009409-scaled.jpg\",\"width\":2560,\"height\":2560},{\"@type\":\"BreadcrumbList\",\"@id\":\"https:\/\/www.sparkngo.fr\/index.php\/les-references\/#breadcrumb\",\"itemListElement\":[{\"@type\":\"ListItem\",\"position\":1,\"name\":\"Accueil\",\"item\":\"https:\/\/www.sparkngo.fr\/\"},{\"@type\":\"ListItem\",\"position\":2,\"name\":\"Les r\u00e9f\u00e9rences\"}]},{\"@type\":\"WebSite\",\"@id\":\"https:\/\/www.sparkngo.fr\/#website\",\"url\":\"https:\/\/www.sparkngo.fr\/\",\"name\":\"spark&amp;go\",\"description\":\"Ensemble relevons vos d\u00e9fis !\",\"publisher\":{\"@id\":\"https:\/\/www.sparkngo.fr\/#organization\"},\"alternateName\":\"sparkngo\",\"potentialAction\":[{\"@type\":\"SearchAction\",\"target\":{\"@type\":\"EntryPoint\",\"urlTemplate\":\"https:\/\/www.sparkngo.fr\/?s={search_term_string}\"},\"query-input\":{\"@type\":\"PropertyValueSpecification\",\"valueRequired\":true,\"valueName\":\"search_term_string\"}}],\"inLanguage\":\"fr-FR\"},{\"@type\":\"Organization\",\"@id\":\"https:\/\/www.sparkngo.fr\/#organization\",\"name\":\"spark&amp;go\",\"url\":\"https:\/\/www.sparkngo.fr\/\",\"logo\":{\"@type\":\"ImageObject\",\"inLanguage\":\"fr-FR\",\"@id\":\"https:\/\/www.sparkngo.fr\/#\/schema\/logo\/image\/\",\"url\":\"https:\/\/www.sparkngo.fr\/wp-content\/uploads\/2023\/07\/logo-transparent-bk.png\",\"contentUrl\":\"https:\/\/www.sparkngo.fr\/wp-content\/uploads\/2023\/07\/logo-transparent-bk.png\",\"width\":674,\"height\":158,\"caption\":\"spark&amp;go\"},\"image\":{\"@id\":\"https:\/\/www.sparkngo.fr\/#\/schema\/logo\/image\/\"},\"sameAs\":[\"https:\/\/www.linkedin.com\/company\/sparkngo\/\"]}]}<\/script>\n<!-- \/ Yoast SEO plugin. -->","yoast_head_json":{"title":"Les r\u00e9f\u00e9rences - spark&amp;go","robots":{"index":"index","follow":"follow","max-snippet":"max-snippet:-1","max-image-preview":"max-image-preview:large","max-video-preview":"max-video-preview:-1"},"canonical":"https:\/\/www.sparkngo.fr\/index.php\/les-references\/","og_locale":"fr_FR","og_type":"article","og_title":"Les r\u00e9f\u00e9rences - spark&amp;go","og_description":"Retour d\u2019exp\u00e9rience :cr\u00e9ation d\u2019une DSI dans le monde audiovisuel Le march\u00e9 de l\u2019audiovisuel fran\u00e7ais est historiquement compos\u00e9 d\u2019une myriade d\u2019ind\u00e9pendants et de micro-soci\u00e9t\u00e9s. L\u2019autonomie est culturellement ancr\u00e9e. En 2020, les p\u00e9riodes de confinement ont favoris\u00e9 l\u2019accroissement de la demande de nouveaux contenus. Cela a \u00e9t\u00e9 l\u2019opportunit\u00e9 d\u2019une recomposition du march\u00e9 par fusion \/ acquisition, pour&hellip;&nbsp;Lire la suite &raquo;Les r\u00e9f\u00e9rences","og_url":"https:\/\/www.sparkngo.fr\/index.php\/les-references\/","og_site_name":"spark&amp;go","article_modified_time":"2025-06-13T06:14:17+00:00","og_image":[{"width":2560,"height":2560,"url":"https:\/\/www.sparkngo.fr\/wp-content\/uploads\/2023\/09\/pexels-cottonbro-studio-4009409-scaled.jpg","type":"image\/jpeg"}],"twitter_card":"summary_large_image","twitter_misc":{"Dur\u00e9e de lecture estim\u00e9e":"2 minutes"},"schema":{"@context":"https:\/\/schema.org","@graph":[{"@type":"WebPage","@id":"https:\/\/www.sparkngo.fr\/index.php\/les-references\/","url":"https:\/\/www.sparkngo.fr\/index.php\/les-references\/","name":"Les r\u00e9f\u00e9rences - spark&amp;go","isPartOf":{"@id":"https:\/\/www.sparkngo.fr\/#website"},"primaryImageOfPage":{"@id":"https:\/\/www.sparkngo.fr\/index.php\/les-references\/#primaryimage"},"image":{"@id":"https:\/\/www.sparkngo.fr\/index.php\/les-references\/#primaryimage"},"thumbnailUrl":"https:\/\/www.sparkngo.fr\/wp-content\/uploads\/2023\/09\/pexels-cottonbro-studio-4009409-1024x1024.jpg","datePublished":"2023-09-29T15:37:56+00:00","dateModified":"2025-06-13T06:14:17+00:00","breadcrumb":{"@id":"https:\/\/www.sparkngo.fr\/index.php\/les-references\/#breadcrumb"},"inLanguage":"fr-FR","potentialAction":[{"@type":"ReadAction","target":["https:\/\/www.sparkngo.fr\/index.php\/les-references\/"]}]},{"@type":"ImageObject","inLanguage":"fr-FR","@id":"https:\/\/www.sparkngo.fr\/index.php\/les-references\/#primaryimage","url":"https:\/\/www.sparkngo.fr\/wp-content\/uploads\/2023\/09\/pexels-cottonbro-studio-4009409-scaled.jpg","contentUrl":"https:\/\/www.sparkngo.fr\/wp-content\/uploads\/2023\/09\/pexels-cottonbro-studio-4009409-scaled.jpg","width":2560,"height":2560},{"@type":"BreadcrumbList","@id":"https:\/\/www.sparkngo.fr\/index.php\/les-references\/#breadcrumb","itemListElement":[{"@type":"ListItem","position":1,"name":"Accueil","item":"https:\/\/www.sparkngo.fr\/"},{"@type":"ListItem","position":2,"name":"Les r\u00e9f\u00e9rences"}]},{"@type":"WebSite","@id":"https:\/\/www.sparkngo.fr\/#website","url":"https:\/\/www.sparkngo.fr\/","name":"spark&amp;go","description":"Ensemble relevons vos d\u00e9fis !","publisher":{"@id":"https:\/\/www.sparkngo.fr\/#organization"},"alternateName":"sparkngo","potentialAction":[{"@type":"SearchAction","target":{"@type":"EntryPoint","urlTemplate":"https:\/\/www.sparkngo.fr\/?s={search_term_string}"},"query-input":{"@type":"PropertyValueSpecification","valueRequired":true,"valueName":"search_term_string"}}],"inLanguage":"fr-FR"},{"@type":"Organization","@id":"https:\/\/www.sparkngo.fr\/#organization","name":"spark&amp;go","url":"https:\/\/www.sparkngo.fr\/","logo":{"@type":"ImageObject","inLanguage":"fr-FR","@id":"https:\/\/www.sparkngo.fr\/#\/schema\/logo\/image\/","url":"https:\/\/www.sparkngo.fr\/wp-content\/uploads\/2023\/07\/logo-transparent-bk.png","contentUrl":"https:\/\/www.sparkngo.fr\/wp-content\/uploads\/2023\/07\/logo-transparent-bk.png","width":674,"height":158,"caption":"spark&amp;go"},"image":{"@id":"https:\/\/www.sparkngo.fr\/#\/schema\/logo\/image\/"},"sameAs":["https:\/\/www.linkedin.com\/company\/sparkngo\/"]}]}},"_links":{"self":[{"href":"https:\/\/www.sparkngo.fr\/index.php\/wp-json\/wp\/v2\/pages\/1293","targetHints":{"allow":["GET"]}}],"collection":[{"href":"https:\/\/www.sparkngo.fr\/index.php\/wp-json\/wp\/v2\/pages"}],"about":[{"href":"https:\/\/www.sparkngo.fr\/index.php\/wp-json\/wp\/v2\/types\/page"}],"author":[{"embeddable":true,"href":"https:\/\/www.sparkngo.fr\/index.php\/wp-json\/wp\/v2\/users\/1"}],"replies":[{"embeddable":true,"href":"https:\/\/www.sparkngo.fr\/index.php\/wp-json\/wp\/v2\/comments?post=1293"}],"version-history":[{"count":6,"href":"https:\/\/www.sparkngo.fr\/index.php\/wp-json\/wp\/v2\/pages\/1293\/revisions"}],"predecessor-version":[{"id":1600,"href":"https:\/\/www.sparkngo.fr\/index.php\/wp-json\/wp\/v2\/pages\/1293\/revisions\/1600"}],"wp:attachment":[{"href":"https:\/\/www.sparkngo.fr\/index.php\/wp-json\/wp\/v2\/media?parent=1293"}],"curies":[{"name":"wp","href":"https:\/\/api.w.org\/{rel}","templated":true}]}}