{"id":1298,"date":"2023-09-29T17:43:02","date_gmt":"2023-09-29T15:43:02","guid":{"rendered":"https:\/\/www.sparkngo.fr\/?page_id=1298"},"modified":"2024-08-31T16:05:56","modified_gmt":"2024-08-31T14:05:56","slug":"nous-rejoindre","status":"publish","type":"page","link":"https:\/\/www.sparkngo.fr\/index.php\/nous-rejoindre\/","title":{"rendered":"Nous rejoindre"},"content":{"rendered":"\n<p><\/p>\n\n\n\n<div class=\"wp-block-columns is-layout-flex wp-container-core-columns-is-layout-9d6595d7 wp-block-columns-is-layout-flex\">\n<div class=\"wp-block-column is-layout-flow wp-block-column-is-layout-flow\">\n<div class=\"wp-block-columns is-layout-flex wp-container-core-columns-is-layout-9d6595d7 wp-block-columns-is-layout-flex\">\n<div class=\"wp-block-column is-layout-flow wp-block-column-is-layout-flow\">\n\n\n<h3 class=\"wp-block-heading\">Les annonces ouvertes :<\/h3>\n\n\n\n<p><a href=\"https:\/\/www.sparkngo.fr\/wp-content\/uploads\/2024\/08\/Annonce-Consultant-4-a-8-ans-XP-DWE-F-H-20240831.pdf\" target=\"_blank\" rel=\"noreferrer noopener\">Consultant Digital Workplace Experience &#8211; Paris (F\/H)<\/a><\/p>\n\n\n\n<p><\/p>\n\n\n\n<h3 class=\"wp-block-heading\">Le processus de recrutement :<\/h3>\n\n\n\n<p>Le processus se d\u00e9compose en 3 entretiens :<\/p>\n\n\n\n<p>#1 &#8211; D\u00e9roul\u00e9 du parcours professionnel et construction des perspectives communes (en visio)<\/p>\n\n\n\n<p>#2 &#8211; Rencontre pour \u00e9valuer la compatibilit\u00e9 humaine et confirmer l&rsquo;envie de travailler ensemble (en pr\u00e9sentiel)<\/p>\n\n\n\n<p>#3 &#8211; Etude d&rsquo;un cas pratique fictif pour confirmer le niveau du consultant dans le cadre d&rsquo;une projection en mission (en visio)<\/p>\n<\/div>\n\n\n\n<div class=\"wp-block-column is-layout-flow wp-block-column-is-layout-flow\">\n<figure class=\"wp-block-image size-large is-resized\"><img loading=\"lazy\" decoding=\"async\" width=\"1024\" height=\"1024\" src=\"https:\/\/www.sparkngo.fr\/wp-content\/uploads\/2023\/10\/pexels-rafael-barros-2130795-1024x1024.jpg\" alt=\"\" class=\"wp-image-1343\" style=\"object-fit:cover;width:500px;height:500px\" srcset=\"https:\/\/www.sparkngo.fr\/wp-content\/uploads\/2023\/10\/pexels-rafael-barros-2130795-1024x1024.jpg 1024w, https:\/\/www.sparkngo.fr\/wp-content\/uploads\/2023\/10\/pexels-rafael-barros-2130795-300x300.jpg 300w, https:\/\/www.sparkngo.fr\/wp-content\/uploads\/2023\/10\/pexels-rafael-barros-2130795-150x150.jpg 150w, https:\/\/www.sparkngo.fr\/wp-content\/uploads\/2023\/10\/pexels-rafael-barros-2130795-768x768.jpg 768w, https:\/\/www.sparkngo.fr\/wp-content\/uploads\/2023\/10\/pexels-rafael-barros-2130795-1536x1536.jpg 1536w, https:\/\/www.sparkngo.fr\/wp-content\/uploads\/2023\/10\/pexels-rafael-barros-2130795-2048x2048.jpg 2048w\" sizes=\"auto, (max-width: 1024px) 100vw, 1024px\" \/><\/figure>\n<\/div>\n<\/div>\n<\/div>\n<\/div>\n","protected":false},"excerpt":{"rendered":"<p>Les annonces ouvertes : Consultant Digital Workplace Experience &#8211; Paris (F\/H) Le processus de recrutement : Le processus se d\u00e9compose en 3 entretiens : #1 &#8211; D\u00e9roul\u00e9 du parcours professionnel et construction des perspectives communes (en visio) #2 &#8211; Rencontre pour \u00e9valuer la compatibilit\u00e9 humaine et confirmer l&rsquo;envie de travailler ensemble (en pr\u00e9sentiel) #3 &#8211;&hellip;&nbsp;<a href=\"https:\/\/www.sparkngo.fr\/index.php\/nous-rejoindre\/\" class=\"\" rel=\"bookmark\">Lire la suite &raquo;<span class=\"screen-reader-text\">Nous rejoindre<\/span><\/a><\/p>\n","protected":false},"author":1,"featured_media":0,"parent":0,"menu_order":0,"comment_status":"closed","ping_status":"closed","template":"","meta":{"neve_meta_sidebar":"","neve_meta_container":"","neve_meta_enable_content_width":"","neve_meta_content_width":0,"neve_meta_title_alignment":"","neve_meta_author_avatar":"","neve_post_elements_order":"","neve_meta_disable_header":"","neve_meta_disable_footer":"","neve_meta_disable_title":"","footnotes":""},"class_list":["post-1298","page","type-page","status-publish","hentry"],"yoast_head":"<!-- This site is optimized with the Yoast SEO plugin v26.0 - https:\/\/yoast.com\/wordpress\/plugins\/seo\/ -->\n<title>Nous rejoindre - spark&amp;go<\/title>\n<meta name=\"robots\" content=\"index, follow, max-snippet:-1, max-image-preview:large, max-video-preview:-1\" \/>\n<link rel=\"canonical\" href=\"https:\/\/www.sparkngo.fr\/index.php\/nous-rejoindre\/\" \/>\n<meta property=\"og:locale\" content=\"fr_FR\" \/>\n<meta property=\"og:type\" content=\"article\" \/>\n<meta property=\"og:title\" content=\"Nous rejoindre - spark&amp;go\" \/>\n<meta property=\"og:description\" content=\"Les annonces ouvertes : Consultant Digital Workplace Experience &#8211; Paris (F\/H) Le processus de recrutement : Le processus se d\u00e9compose en 3 entretiens : #1 &#8211; D\u00e9roul\u00e9 du parcours professionnel et construction des perspectives communes (en visio) #2 &#8211; Rencontre pour \u00e9valuer la compatibilit\u00e9 humaine et confirmer l&rsquo;envie de travailler ensemble (en pr\u00e9sentiel) #3 &#8211;&hellip;&nbsp;Lire la suite &raquo;Nous rejoindre\" \/>\n<meta property=\"og:url\" content=\"https:\/\/www.sparkngo.fr\/index.php\/nous-rejoindre\/\" \/>\n<meta property=\"og:site_name\" content=\"spark&amp;go\" \/>\n<meta property=\"article:modified_time\" content=\"2024-08-31T14:05:56+00:00\" \/>\n<meta property=\"og:image\" content=\"https:\/\/www.sparkngo.fr\/wp-content\/uploads\/2023\/10\/pexels-rafael-barros-2130795-1024x1024.jpg\" \/>\n<meta name=\"twitter:card\" content=\"summary_large_image\" \/>\n<meta name=\"twitter:label1\" content=\"Dur\u00e9e de lecture estim\u00e9e\" \/>\n\t<meta name=\"twitter:data1\" content=\"1 minute\" \/>\n<script type=\"application\/ld+json\" class=\"yoast-schema-graph\">{\"@context\":\"https:\/\/schema.org\",\"@graph\":[{\"@type\":\"WebPage\",\"@id\":\"https:\/\/www.sparkngo.fr\/index.php\/nous-rejoindre\/\",\"url\":\"https:\/\/www.sparkngo.fr\/index.php\/nous-rejoindre\/\",\"name\":\"Nous rejoindre - spark&amp;go\",\"isPartOf\":{\"@id\":\"https:\/\/www.sparkngo.fr\/#website\"},\"primaryImageOfPage\":{\"@id\":\"https:\/\/www.sparkngo.fr\/index.php\/nous-rejoindre\/#primaryimage\"},\"image\":{\"@id\":\"https:\/\/www.sparkngo.fr\/index.php\/nous-rejoindre\/#primaryimage\"},\"thumbnailUrl\":\"https:\/\/www.sparkngo.fr\/wp-content\/uploads\/2023\/10\/pexels-rafael-barros-2130795-1024x1024.jpg\",\"datePublished\":\"2023-09-29T15:43:02+00:00\",\"dateModified\":\"2024-08-31T14:05:56+00:00\",\"breadcrumb\":{\"@id\":\"https:\/\/www.sparkngo.fr\/index.php\/nous-rejoindre\/#breadcrumb\"},\"inLanguage\":\"fr-FR\",\"potentialAction\":[{\"@type\":\"ReadAction\",\"target\":[\"https:\/\/www.sparkngo.fr\/index.php\/nous-rejoindre\/\"]}]},{\"@type\":\"ImageObject\",\"inLanguage\":\"fr-FR\",\"@id\":\"https:\/\/www.sparkngo.fr\/index.php\/nous-rejoindre\/#primaryimage\",\"url\":\"https:\/\/www.sparkngo.fr\/wp-content\/uploads\/2023\/10\/pexels-rafael-barros-2130795-scaled.jpg\",\"contentUrl\":\"https:\/\/www.sparkngo.fr\/wp-content\/uploads\/2023\/10\/pexels-rafael-barros-2130795-scaled.jpg\",\"width\":2560,\"height\":2560},{\"@type\":\"BreadcrumbList\",\"@id\":\"https:\/\/www.sparkngo.fr\/index.php\/nous-rejoindre\/#breadcrumb\",\"itemListElement\":[{\"@type\":\"ListItem\",\"position\":1,\"name\":\"Accueil\",\"item\":\"https:\/\/www.sparkngo.fr\/\"},{\"@type\":\"ListItem\",\"position\":2,\"name\":\"Nous rejoindre\"}]},{\"@type\":\"WebSite\",\"@id\":\"https:\/\/www.sparkngo.fr\/#website\",\"url\":\"https:\/\/www.sparkngo.fr\/\",\"name\":\"spark&amp;go\",\"description\":\"Ensemble relevons vos d\u00e9fis !\",\"publisher\":{\"@id\":\"https:\/\/www.sparkngo.fr\/#organization\"},\"alternateName\":\"sparkngo\",\"potentialAction\":[{\"@type\":\"SearchAction\",\"target\":{\"@type\":\"EntryPoint\",\"urlTemplate\":\"https:\/\/www.sparkngo.fr\/?s={search_term_string}\"},\"query-input\":{\"@type\":\"PropertyValueSpecification\",\"valueRequired\":true,\"valueName\":\"search_term_string\"}}],\"inLanguage\":\"fr-FR\"},{\"@type\":\"Organization\",\"@id\":\"https:\/\/www.sparkngo.fr\/#organization\",\"name\":\"spark&amp;go\",\"url\":\"https:\/\/www.sparkngo.fr\/\",\"logo\":{\"@type\":\"ImageObject\",\"inLanguage\":\"fr-FR\",\"@id\":\"https:\/\/www.sparkngo.fr\/#\/schema\/logo\/image\/\",\"url\":\"https:\/\/www.sparkngo.fr\/wp-content\/uploads\/2023\/07\/logo-transparent-bk.png\",\"contentUrl\":\"https:\/\/www.sparkngo.fr\/wp-content\/uploads\/2023\/07\/logo-transparent-bk.png\",\"width\":674,\"height\":158,\"caption\":\"spark&amp;go\"},\"image\":{\"@id\":\"https:\/\/www.sparkngo.fr\/#\/schema\/logo\/image\/\"},\"sameAs\":[\"https:\/\/www.linkedin.com\/company\/sparkngo\/\"]}]}<\/script>\n<!-- \/ Yoast SEO plugin. -->","yoast_head_json":{"title":"Nous rejoindre - spark&amp;go","robots":{"index":"index","follow":"follow","max-snippet":"max-snippet:-1","max-image-preview":"max-image-preview:large","max-video-preview":"max-video-preview:-1"},"canonical":"https:\/\/www.sparkngo.fr\/index.php\/nous-rejoindre\/","og_locale":"fr_FR","og_type":"article","og_title":"Nous rejoindre - spark&amp;go","og_description":"Les annonces ouvertes : Consultant Digital Workplace Experience &#8211; Paris (F\/H) Le processus de recrutement : Le processus se d\u00e9compose en 3 entretiens : #1 &#8211; D\u00e9roul\u00e9 du parcours professionnel et construction des perspectives communes (en visio) #2 &#8211; Rencontre pour \u00e9valuer la compatibilit\u00e9 humaine et confirmer l&rsquo;envie de travailler ensemble (en pr\u00e9sentiel) #3 &#8211;&hellip;&nbsp;Lire la suite &raquo;Nous rejoindre","og_url":"https:\/\/www.sparkngo.fr\/index.php\/nous-rejoindre\/","og_site_name":"spark&amp;go","article_modified_time":"2024-08-31T14:05:56+00:00","og_image":[{"url":"https:\/\/www.sparkngo.fr\/wp-content\/uploads\/2023\/10\/pexels-rafael-barros-2130795-1024x1024.jpg","type":"","width":"","height":""}],"twitter_card":"summary_large_image","twitter_misc":{"Dur\u00e9e de lecture estim\u00e9e":"1 minute"},"schema":{"@context":"https:\/\/schema.org","@graph":[{"@type":"WebPage","@id":"https:\/\/www.sparkngo.fr\/index.php\/nous-rejoindre\/","url":"https:\/\/www.sparkngo.fr\/index.php\/nous-rejoindre\/","name":"Nous rejoindre - spark&amp;go","isPartOf":{"@id":"https:\/\/www.sparkngo.fr\/#website"},"primaryImageOfPage":{"@id":"https:\/\/www.sparkngo.fr\/index.php\/nous-rejoindre\/#primaryimage"},"image":{"@id":"https:\/\/www.sparkngo.fr\/index.php\/nous-rejoindre\/#primaryimage"},"thumbnailUrl":"https:\/\/www.sparkngo.fr\/wp-content\/uploads\/2023\/10\/pexels-rafael-barros-2130795-1024x1024.jpg","datePublished":"2023-09-29T15:43:02+00:00","dateModified":"2024-08-31T14:05:56+00:00","breadcrumb":{"@id":"https:\/\/www.sparkngo.fr\/index.php\/nous-rejoindre\/#breadcrumb"},"inLanguage":"fr-FR","potentialAction":[{"@type":"ReadAction","target":["https:\/\/www.sparkngo.fr\/index.php\/nous-rejoindre\/"]}]},{"@type":"ImageObject","inLanguage":"fr-FR","@id":"https:\/\/www.sparkngo.fr\/index.php\/nous-rejoindre\/#primaryimage","url":"https:\/\/www.sparkngo.fr\/wp-content\/uploads\/2023\/10\/pexels-rafael-barros-2130795-scaled.jpg","contentUrl":"https:\/\/www.sparkngo.fr\/wp-content\/uploads\/2023\/10\/pexels-rafael-barros-2130795-scaled.jpg","width":2560,"height":2560},{"@type":"BreadcrumbList","@id":"https:\/\/www.sparkngo.fr\/index.php\/nous-rejoindre\/#breadcrumb","itemListElement":[{"@type":"ListItem","position":1,"name":"Accueil","item":"https:\/\/www.sparkngo.fr\/"},{"@type":"ListItem","position":2,"name":"Nous rejoindre"}]},{"@type":"WebSite","@id":"https:\/\/www.sparkngo.fr\/#website","url":"https:\/\/www.sparkngo.fr\/","name":"spark&amp;go","description":"Ensemble relevons vos d\u00e9fis !","publisher":{"@id":"https:\/\/www.sparkngo.fr\/#organization"},"alternateName":"sparkngo","potentialAction":[{"@type":"SearchAction","target":{"@type":"EntryPoint","urlTemplate":"https:\/\/www.sparkngo.fr\/?s={search_term_string}"},"query-input":{"@type":"PropertyValueSpecification","valueRequired":true,"valueName":"search_term_string"}}],"inLanguage":"fr-FR"},{"@type":"Organization","@id":"https:\/\/www.sparkngo.fr\/#organization","name":"spark&amp;go","url":"https:\/\/www.sparkngo.fr\/","logo":{"@type":"ImageObject","inLanguage":"fr-FR","@id":"https:\/\/www.sparkngo.fr\/#\/schema\/logo\/image\/","url":"https:\/\/www.sparkngo.fr\/wp-content\/uploads\/2023\/07\/logo-transparent-bk.png","contentUrl":"https:\/\/www.sparkngo.fr\/wp-content\/uploads\/2023\/07\/logo-transparent-bk.png","width":674,"height":158,"caption":"spark&amp;go"},"image":{"@id":"https:\/\/www.sparkngo.fr\/#\/schema\/logo\/image\/"},"sameAs":["https:\/\/www.linkedin.com\/company\/sparkngo\/"]}]}},"_links":{"self":[{"href":"https:\/\/www.sparkngo.fr\/index.php\/wp-json\/wp\/v2\/pages\/1298","targetHints":{"allow":["GET"]}}],"collection":[{"href":"https:\/\/www.sparkngo.fr\/index.php\/wp-json\/wp\/v2\/pages"}],"about":[{"href":"https:\/\/www.sparkngo.fr\/index.php\/wp-json\/wp\/v2\/types\/page"}],"author":[{"embeddable":true,"href":"https:\/\/www.sparkngo.fr\/index.php\/wp-json\/wp\/v2\/users\/1"}],"replies":[{"embeddable":true,"href":"https:\/\/www.sparkngo.fr\/index.php\/wp-json\/wp\/v2\/comments?post=1298"}],"version-history":[{"count":10,"href":"https:\/\/www.sparkngo.fr\/index.php\/wp-json\/wp\/v2\/pages\/1298\/revisions"}],"predecessor-version":[{"id":1581,"href":"https:\/\/www.sparkngo.fr\/index.php\/wp-json\/wp\/v2\/pages\/1298\/revisions\/1581"}],"wp:attachment":[{"href":"https:\/\/www.sparkngo.fr\/index.php\/wp-json\/wp\/v2\/media?parent=1298"}],"curies":[{"name":"wp","href":"https:\/\/api.w.org\/{rel}","templated":true}]}}