{"id":61,"date":"2020-01-23T18:21:52","date_gmt":"2020-01-23T18:21:52","guid":{"rendered":"https:\/\/demosites.io\/web-agency-gb\/?page_id=61"},"modified":"2023-10-01T19:16:55","modified_gmt":"2023-10-01T17:16:55","slug":"about-us","status":"publish","type":"page","link":"https:\/\/www.sparkngo.fr\/index.php\/about-us\/","title":{"rendered":"L&rsquo;entreprise"},"content":{"rendered":"\n<div class=\"wp-block-cover alignfull\" style=\"min-height:600px;aspect-ratio:unset;\"><span aria-hidden=\"true\" class=\"wp-block-cover__background has-nv-site-bg-background-color has-background-dim-100 has-background-dim\"><\/span><div class=\"wp-block-cover__inner-container is-layout-flow wp-block-cover-is-layout-flow\">\n<div class=\"wp-block-group\"><div class=\"wp-block-group__inner-container is-layout-flow wp-block-group-is-layout-flow\">\n<div style=\"height:80px\" aria-hidden=\"true\" class=\"wp-block-spacer\"><\/div>\n\n\n\n<div class=\"wp-block-columns are-vertically-aligned-center has-neve-text-color-color has-text-color is-layout-flex wp-container-core-columns-is-layout-9d6595d7 wp-block-columns-is-layout-flex\">\n<div class=\"wp-block-column is-vertically-aligned-center is-layout-flow wp-block-column-is-layout-flow\" style=\"flex-basis:50%\"><div class=\"wp-block-image\">\n<figure class=\"alignright size-large is-resized\"><img decoding=\"async\" src=\"https:\/\/www.sparkngo.fr\/wp-content\/uploads\/2023\/08\/pexels-fauxels-3184291-carre-1024x1024.jpg\" alt=\"Image d\u00e9corative : des employ\u00e9s souriant autour d'une table de r\u00e9union dont deux se sert la main\" class=\"wp-image-737\" style=\"width:400px\" width=\"400\" srcset=\"https:\/\/www.sparkngo.fr\/wp-content\/uploads\/2023\/08\/pexels-fauxels-3184291-carre-1024x1024.jpg 1024w, https:\/\/www.sparkngo.fr\/wp-content\/uploads\/2023\/08\/pexels-fauxels-3184291-carre-300x300.jpg 300w, https:\/\/www.sparkngo.fr\/wp-content\/uploads\/2023\/08\/pexels-fauxels-3184291-carre-150x150.jpg 150w, https:\/\/www.sparkngo.fr\/wp-content\/uploads\/2023\/08\/pexels-fauxels-3184291-carre-768x768.jpg 768w, https:\/\/www.sparkngo.fr\/wp-content\/uploads\/2023\/08\/pexels-fauxels-3184291-carre-1536x1536.jpg 1536w, https:\/\/www.sparkngo.fr\/wp-content\/uploads\/2023\/08\/pexels-fauxels-3184291-carre-2048x2048.jpg 2048w\" sizes=\"(max-width: 1024px) 100vw, 1024px\" \/><\/figure>\n<\/div><\/div>\n\n\n\n<div class=\"wp-block-column is-vertically-aligned-center is-layout-flow wp-block-column-is-layout-flow\" style=\"flex-basis:50%\">\n<h2 class=\"wp-block-heading has-neve-text-color-color has-text-color\">Notre vocation<\/h2>\n\n\n\n<p>Dans un contexte o\u00f9 l&rsquo;intelligence artificielle commence \u00e0 bouleverser le quotidien des travailleurs du savoir, spark&amp;go est anim\u00e9e par la conviction que le m\u00e9tier de conseil doit revenir \u00e0 l&rsquo;essentiel, au sens premier de l&rsquo;approche de conseil.<\/p>\n\n\n\n<p>Notre vocation est donc d&rsquo;\u00eatre un v\u00e9ritable appui personnalis\u00e9, impr\u00e9gn\u00e9 du contexte, capable de r\u00e9soudre, \u00e0 vos c\u00f4t\u00e9s, des probl\u00e9matiques complexes gr\u00e2ce aux comp\u00e9tences techniques tout en donnant une importance particuli\u00e8res aux comp\u00e9tences humaines.<\/p>\n\n\n\n<p>La preuve faite, nous nous consid\u00e9rons ensuite comme des passeurs, charg\u00e9s de la transmission pour vous rendre autonome.<\/p>\n<\/div>\n<\/div>\n\n\n\n<div style=\"height:40px\" aria-hidden=\"true\" class=\"wp-block-spacer\"><\/div>\n<\/div><\/div>\n<\/div><\/div>\n\n\n\n<div class=\"wp-block-columns is-layout-flex wp-container-core-columns-is-layout-9d6595d7 wp-block-columns-is-layout-flex\">\n<div class=\"wp-block-column is-layout-flow wp-block-column-is-layout-flow\">\n<div class=\"wp-block-columns is-layout-flex wp-container-core-columns-is-layout-9d6595d7 wp-block-columns-is-layout-flex\">\n<div class=\"wp-block-column is-layout-flow wp-block-column-is-layout-flow\">\n<h2 class=\"wp-block-heading has-nv-dark-bg-color has-text-color\">Le mot du dirigeant<\/h2>\n\n\n\n<p class=\"has-nv-dark-bg-color has-text-color\">\u00ab\u00a0L&rsquo;innovation implique d&rsquo;\u00eatre pr\u00eat \u00e0 se r\u00e9inventer \u00e0 tout moment. D\u00e9velopper la comp\u00e9tence d&rsquo;apprendre \u00e0 apprendre est donc fondamentale.\u00a0\u00bb<br><em>Bertrand Kessel, fondateur et dirigeant de spark&amp;go<\/em><\/p>\n\n\n\n<p class=\"has-nv-dark-bg-color has-text-color\">Bertrand dispose d&rsquo;une exp\u00e9rience de plus de 15 ans :<br>&#8211; Directeur Conseil dans un cabinet renomm\u00e9<br>&#8211; Directeur Data &amp; Infra chez un \u00e9diteur<br>&#8211; Process Owner au sein d\u2019une grande banque fran\u00e7aise<\/p>\n\n\n\n<figure class=\"wp-block-image size-full is-resized\"><a href=\"https:\/\/www.linkedin.com\/in\/bertrand-kessel\/\" target=\"_blank\" rel=\"noreferrer noopener\"><img decoding=\"async\" src=\"https:\/\/www.sparkngo.fr\/wp-content\/uploads\/2023\/08\/Fichier-15@2x.png\" alt=\"Image servant de lien vers le profil LinkedIn de Bertrand Kessel, dirigeant de spark&amp;go sur le site web www.sparkngo.fr\" class=\"wp-image-626\" style=\"width:70px\" width=\"70\" srcset=\"https:\/\/www.sparkngo.fr\/wp-content\/uploads\/2023\/08\/Fichier-15@2x.png 433w, https:\/\/www.sparkngo.fr\/wp-content\/uploads\/2023\/08\/Fichier-15@2x-285x300.png 285w\" sizes=\"(max-width: 433px) 100vw, 433px\" \/><\/a><\/figure>\n<\/div>\n\n\n\n<div class=\"wp-block-column is-layout-flow wp-block-column-is-layout-flow\"><div class=\"wp-block-image\">\n<figure class=\"alignleft size-full\"><img loading=\"lazy\" decoding=\"async\" width=\"342\" height=\"310\" src=\"https:\/\/www.sparkngo.fr\/wp-content\/uploads\/2023\/09\/Fichier-31.png\" alt=\"\" class=\"wp-image-1206\" style=\"aspect-ratio:1;object-fit:contain\" srcset=\"https:\/\/www.sparkngo.fr\/wp-content\/uploads\/2023\/09\/Fichier-31.png 342w, https:\/\/www.sparkngo.fr\/wp-content\/uploads\/2023\/09\/Fichier-31-300x272.png 300w\" sizes=\"auto, (max-width: 342px) 100vw, 342px\" \/><\/figure>\n<\/div><\/div>\n<\/div>\n<\/div>\n<\/div>\n","protected":false},"excerpt":{"rendered":"<p>Le mot du dirigeant \u00ab\u00a0L&rsquo;innovation implique d&rsquo;\u00eatre pr\u00eat \u00e0 se r\u00e9inventer \u00e0 tout moment. D\u00e9velopper la comp\u00e9tence d&rsquo;apprendre \u00e0 apprendre est donc fondamentale.\u00a0\u00bbBertrand Kessel, fondateur et dirigeant de spark&amp;go Bertrand dispose d&rsquo;une exp\u00e9rience de plus de 15 ans :&#8211; Directeur Conseil dans un cabinet renomm\u00e9&#8211; Directeur Data &amp; Infra chez un \u00e9diteur&#8211; Process Owner au&hellip;&nbsp;<a href=\"https:\/\/www.sparkngo.fr\/index.php\/about-us\/\" class=\"\" rel=\"bookmark\">Lire la suite &raquo;<span class=\"screen-reader-text\">L&rsquo;entreprise<\/span><\/a><\/p>\n","protected":false},"author":1,"featured_media":0,"parent":0,"menu_order":0,"comment_status":"closed","ping_status":"closed","template":"","meta":{"neve_meta_sidebar":"default","neve_meta_container":"default","neve_meta_enable_content_width":"on","neve_meta_content_width":100,"neve_meta_title_alignment":"","neve_meta_author_avatar":"","neve_post_elements_order":"","neve_meta_disable_header":"","neve_meta_disable_footer":"","neve_meta_disable_title":"on","footnotes":""},"class_list":["post-61","page","type-page","status-publish","hentry"],"yoast_head":"<!-- This site is optimized with the Yoast SEO plugin v26.0 - https:\/\/yoast.com\/wordpress\/plugins\/seo\/ -->\n<title>L&#039;entreprise - spark&amp;go<\/title>\n<meta name=\"robots\" content=\"index, follow, max-snippet:-1, max-image-preview:large, max-video-preview:-1\" \/>\n<link rel=\"canonical\" href=\"https:\/\/www.sparkngo.fr\/index.php\/about-us\/\" \/>\n<meta property=\"og:locale\" content=\"fr_FR\" \/>\n<meta property=\"og:type\" content=\"article\" \/>\n<meta property=\"og:title\" content=\"L&#039;entreprise - spark&amp;go\" \/>\n<meta property=\"og:description\" content=\"Le mot du dirigeant \u00ab\u00a0L&rsquo;innovation implique d&rsquo;\u00eatre pr\u00eat \u00e0 se r\u00e9inventer \u00e0 tout moment. D\u00e9velopper la comp\u00e9tence d&rsquo;apprendre \u00e0 apprendre est donc fondamentale.\u00a0\u00bbBertrand Kessel, fondateur et dirigeant de spark&amp;go Bertrand dispose d&rsquo;une exp\u00e9rience de plus de 15 ans :&#8211; Directeur Conseil dans un cabinet renomm\u00e9&#8211; Directeur Data &amp; Infra chez un \u00e9diteur&#8211; Process Owner au&hellip;&nbsp;Lire la suite &raquo;L&rsquo;entreprise\" \/>\n<meta property=\"og:url\" content=\"https:\/\/www.sparkngo.fr\/index.php\/about-us\/\" \/>\n<meta property=\"og:site_name\" content=\"spark&amp;go\" \/>\n<meta property=\"article:modified_time\" content=\"2023-10-01T17:16:55+00:00\" \/>\n<meta property=\"og:image\" content=\"https:\/\/www.sparkngo.fr\/wp-content\/uploads\/2023\/08\/pexels-fauxels-3184291-carre-1024x1024.jpg\" \/>\n<meta name=\"twitter:card\" content=\"summary_large_image\" \/>\n<meta name=\"twitter:label1\" content=\"Dur\u00e9e de lecture estim\u00e9e\" \/>\n\t<meta name=\"twitter:data1\" content=\"1 minute\" \/>\n<script type=\"application\/ld+json\" class=\"yoast-schema-graph\">{\"@context\":\"https:\/\/schema.org\",\"@graph\":[{\"@type\":\"WebPage\",\"@id\":\"https:\/\/www.sparkngo.fr\/index.php\/about-us\/\",\"url\":\"https:\/\/www.sparkngo.fr\/index.php\/about-us\/\",\"name\":\"L'entreprise - spark&amp;go\",\"isPartOf\":{\"@id\":\"https:\/\/www.sparkngo.fr\/#website\"},\"primaryImageOfPage\":{\"@id\":\"https:\/\/www.sparkngo.fr\/index.php\/about-us\/#primaryimage\"},\"image\":{\"@id\":\"https:\/\/www.sparkngo.fr\/index.php\/about-us\/#primaryimage\"},\"thumbnailUrl\":\"https:\/\/www.sparkngo.fr\/wp-content\/uploads\/2023\/08\/pexels-fauxels-3184291-carre-1024x1024.jpg\",\"datePublished\":\"2020-01-23T18:21:52+00:00\",\"dateModified\":\"2023-10-01T17:16:55+00:00\",\"breadcrumb\":{\"@id\":\"https:\/\/www.sparkngo.fr\/index.php\/about-us\/#breadcrumb\"},\"inLanguage\":\"fr-FR\",\"potentialAction\":[{\"@type\":\"ReadAction\",\"target\":[\"https:\/\/www.sparkngo.fr\/index.php\/about-us\/\"]}]},{\"@type\":\"ImageObject\",\"inLanguage\":\"fr-FR\",\"@id\":\"https:\/\/www.sparkngo.fr\/index.php\/about-us\/#primaryimage\",\"url\":\"https:\/\/www.sparkngo.fr\/wp-content\/uploads\/2023\/08\/pexels-fauxels-3184291-carre-scaled.jpg\",\"contentUrl\":\"https:\/\/www.sparkngo.fr\/wp-content\/uploads\/2023\/08\/pexels-fauxels-3184291-carre-scaled.jpg\",\"width\":2560,\"height\":2560},{\"@type\":\"BreadcrumbList\",\"@id\":\"https:\/\/www.sparkngo.fr\/index.php\/about-us\/#breadcrumb\",\"itemListElement\":[{\"@type\":\"ListItem\",\"position\":1,\"name\":\"Accueil\",\"item\":\"https:\/\/www.sparkngo.fr\/\"},{\"@type\":\"ListItem\",\"position\":2,\"name\":\"L&rsquo;entreprise\"}]},{\"@type\":\"WebSite\",\"@id\":\"https:\/\/www.sparkngo.fr\/#website\",\"url\":\"https:\/\/www.sparkngo.fr\/\",\"name\":\"spark&amp;go\",\"description\":\"Ensemble relevons vos d\u00e9fis !\",\"publisher\":{\"@id\":\"https:\/\/www.sparkngo.fr\/#organization\"},\"alternateName\":\"sparkngo\",\"potentialAction\":[{\"@type\":\"SearchAction\",\"target\":{\"@type\":\"EntryPoint\",\"urlTemplate\":\"https:\/\/www.sparkngo.fr\/?s={search_term_string}\"},\"query-input\":{\"@type\":\"PropertyValueSpecification\",\"valueRequired\":true,\"valueName\":\"search_term_string\"}}],\"inLanguage\":\"fr-FR\"},{\"@type\":\"Organization\",\"@id\":\"https:\/\/www.sparkngo.fr\/#organization\",\"name\":\"spark&amp;go\",\"url\":\"https:\/\/www.sparkngo.fr\/\",\"logo\":{\"@type\":\"ImageObject\",\"inLanguage\":\"fr-FR\",\"@id\":\"https:\/\/www.sparkngo.fr\/#\/schema\/logo\/image\/\",\"url\":\"https:\/\/www.sparkngo.fr\/wp-content\/uploads\/2023\/07\/logo-transparent-bk.png\",\"contentUrl\":\"https:\/\/www.sparkngo.fr\/wp-content\/uploads\/2023\/07\/logo-transparent-bk.png\",\"width\":674,\"height\":158,\"caption\":\"spark&amp;go\"},\"image\":{\"@id\":\"https:\/\/www.sparkngo.fr\/#\/schema\/logo\/image\/\"},\"sameAs\":[\"https:\/\/www.linkedin.com\/company\/sparkngo\/\"]}]}<\/script>\n<!-- \/ Yoast SEO plugin. -->","yoast_head_json":{"title":"L'entreprise - spark&amp;go","robots":{"index":"index","follow":"follow","max-snippet":"max-snippet:-1","max-image-preview":"max-image-preview:large","max-video-preview":"max-video-preview:-1"},"canonical":"https:\/\/www.sparkngo.fr\/index.php\/about-us\/","og_locale":"fr_FR","og_type":"article","og_title":"L'entreprise - spark&amp;go","og_description":"Le mot du dirigeant \u00ab\u00a0L&rsquo;innovation implique d&rsquo;\u00eatre pr\u00eat \u00e0 se r\u00e9inventer \u00e0 tout moment. D\u00e9velopper la comp\u00e9tence d&rsquo;apprendre \u00e0 apprendre est donc fondamentale.\u00a0\u00bbBertrand Kessel, fondateur et dirigeant de spark&amp;go Bertrand dispose d&rsquo;une exp\u00e9rience de plus de 15 ans :&#8211; Directeur Conseil dans un cabinet renomm\u00e9&#8211; Directeur Data &amp; Infra chez un \u00e9diteur&#8211; Process Owner au&hellip;&nbsp;Lire la suite &raquo;L&rsquo;entreprise","og_url":"https:\/\/www.sparkngo.fr\/index.php\/about-us\/","og_site_name":"spark&amp;go","article_modified_time":"2023-10-01T17:16:55+00:00","og_image":[{"url":"https:\/\/www.sparkngo.fr\/wp-content\/uploads\/2023\/08\/pexels-fauxels-3184291-carre-1024x1024.jpg","type":"","width":"","height":""}],"twitter_card":"summary_large_image","twitter_misc":{"Dur\u00e9e de lecture estim\u00e9e":"1 minute"},"schema":{"@context":"https:\/\/schema.org","@graph":[{"@type":"WebPage","@id":"https:\/\/www.sparkngo.fr\/index.php\/about-us\/","url":"https:\/\/www.sparkngo.fr\/index.php\/about-us\/","name":"L'entreprise - spark&amp;go","isPartOf":{"@id":"https:\/\/www.sparkngo.fr\/#website"},"primaryImageOfPage":{"@id":"https:\/\/www.sparkngo.fr\/index.php\/about-us\/#primaryimage"},"image":{"@id":"https:\/\/www.sparkngo.fr\/index.php\/about-us\/#primaryimage"},"thumbnailUrl":"https:\/\/www.sparkngo.fr\/wp-content\/uploads\/2023\/08\/pexels-fauxels-3184291-carre-1024x1024.jpg","datePublished":"2020-01-23T18:21:52+00:00","dateModified":"2023-10-01T17:16:55+00:00","breadcrumb":{"@id":"https:\/\/www.sparkngo.fr\/index.php\/about-us\/#breadcrumb"},"inLanguage":"fr-FR","potentialAction":[{"@type":"ReadAction","target":["https:\/\/www.sparkngo.fr\/index.php\/about-us\/"]}]},{"@type":"ImageObject","inLanguage":"fr-FR","@id":"https:\/\/www.sparkngo.fr\/index.php\/about-us\/#primaryimage","url":"https:\/\/www.sparkngo.fr\/wp-content\/uploads\/2023\/08\/pexels-fauxels-3184291-carre-scaled.jpg","contentUrl":"https:\/\/www.sparkngo.fr\/wp-content\/uploads\/2023\/08\/pexels-fauxels-3184291-carre-scaled.jpg","width":2560,"height":2560},{"@type":"BreadcrumbList","@id":"https:\/\/www.sparkngo.fr\/index.php\/about-us\/#breadcrumb","itemListElement":[{"@type":"ListItem","position":1,"name":"Accueil","item":"https:\/\/www.sparkngo.fr\/"},{"@type":"ListItem","position":2,"name":"L&rsquo;entreprise"}]},{"@type":"WebSite","@id":"https:\/\/www.sparkngo.fr\/#website","url":"https:\/\/www.sparkngo.fr\/","name":"spark&amp;go","description":"Ensemble relevons vos d\u00e9fis !","publisher":{"@id":"https:\/\/www.sparkngo.fr\/#organization"},"alternateName":"sparkngo","potentialAction":[{"@type":"SearchAction","target":{"@type":"EntryPoint","urlTemplate":"https:\/\/www.sparkngo.fr\/?s={search_term_string}"},"query-input":{"@type":"PropertyValueSpecification","valueRequired":true,"valueName":"search_term_string"}}],"inLanguage":"fr-FR"},{"@type":"Organization","@id":"https:\/\/www.sparkngo.fr\/#organization","name":"spark&amp;go","url":"https:\/\/www.sparkngo.fr\/","logo":{"@type":"ImageObject","inLanguage":"fr-FR","@id":"https:\/\/www.sparkngo.fr\/#\/schema\/logo\/image\/","url":"https:\/\/www.sparkngo.fr\/wp-content\/uploads\/2023\/07\/logo-transparent-bk.png","contentUrl":"https:\/\/www.sparkngo.fr\/wp-content\/uploads\/2023\/07\/logo-transparent-bk.png","width":674,"height":158,"caption":"spark&amp;go"},"image":{"@id":"https:\/\/www.sparkngo.fr\/#\/schema\/logo\/image\/"},"sameAs":["https:\/\/www.linkedin.com\/company\/sparkngo\/"]}]}},"_links":{"self":[{"href":"https:\/\/www.sparkngo.fr\/index.php\/wp-json\/wp\/v2\/pages\/61","targetHints":{"allow":["GET"]}}],"collection":[{"href":"https:\/\/www.sparkngo.fr\/index.php\/wp-json\/wp\/v2\/pages"}],"about":[{"href":"https:\/\/www.sparkngo.fr\/index.php\/wp-json\/wp\/v2\/types\/page"}],"author":[{"embeddable":true,"href":"https:\/\/www.sparkngo.fr\/index.php\/wp-json\/wp\/v2\/users\/1"}],"replies":[{"embeddable":true,"href":"https:\/\/www.sparkngo.fr\/index.php\/wp-json\/wp\/v2\/comments?post=61"}],"version-history":[{"count":47,"href":"https:\/\/www.sparkngo.fr\/index.php\/wp-json\/wp\/v2\/pages\/61\/revisions"}],"predecessor-version":[{"id":1328,"href":"https:\/\/www.sparkngo.fr\/index.php\/wp-json\/wp\/v2\/pages\/61\/revisions\/1328"}],"wp:attachment":[{"href":"https:\/\/www.sparkngo.fr\/index.php\/wp-json\/wp\/v2\/media?parent=61"}],"curies":[{"name":"wp","href":"https:\/\/api.w.org\/{rel}","templated":true}]}}